 279675 and 94950.
225
What is the greatest common divisor of 4 and 25602883?
1
Calculate the highest common divisor of 4042903 and 12358.
167
Calculate the greatest common factor of 5656664 and 312.
104
Calculate the greatest common factor of 422783 and 34925.
127
What is the highest common divisor of 194878 and 356952?
278
What is the greatest common factor of 3597468 and 144414?
678
What is the highest common divisor of 77 and 1173997?
11
Calculate the highest common factor of 1159 and 34380393.
61
Calculate the greatest common divisor of 1021310 and 170.
10
Calculate the highest common factor of 1606 and 1498544.
146
Calculate the highest common factor of 510261922 and 31.
31
What is the greatest common divisor of 692 and 762145964?
692
What is the greatest common divisor of 9563162 and 42?
14
Calculate the greatest common divisor of 311590647 and 3.
3
What is the greatest common divisor of 6227630 and 380?
190
Calculate the greatest common divisor of 11743860 and 15260.
20
Calculate the highest common factor of 17269670 and 418.
418
Calculate the greatest common factor of 227 and 19706551.
227
Calculate the greatest common factor of 267521692 and 31.
31
What is the greatest common divisor of 415769 and 703?
37
Calculate the highest common factor of 16800 and 148848.
336
What is the greatest common factor of 363 and 48945?
3
What is the highest common divisor of 8777904 and 216?
24
What is the highest common factor of 2498610 and 111?
111
What is the greatest common factor of 6090 and 1440110?
70
What is the highest common divisor of 3786766 and 139644?
862
Calculate the greatest common factor of 319084337 and 26.
13
What is the greatest common factor of 496 and 4733979?
31
What is the highest common factor of 109752 and 1416?
24
Calculate the greatest common divisor of 165640 and 183416.
808
What is the highest common divisor of 57 and 1862099997?
57
Calculate the greatest common divisor of 59796738 and 6.
6
Calculate the highest common factor of 165100 and 44964350.
6350
Calculate the highest common factor of 388293 and 45879.
1119
Calculate the greatest common divisor of 440466915 and 525.
105
What is the greatest common divisor of 95 and 39387?
19
What is the greatest common factor of 257 and 4193951132?
257
What is the greatest common divisor of 63889 and 72176316?
9127
What is the greatest common divisor of 3847056 and 30360?
24
What is the highest common factor of 2521627418 and 254?
254
Calculate the highest common divisor of 1007433 and 203.
7
What is the highest common factor of 97217 and 35443?
67
Calculate the highest common factor of 124911960 and 168.
24
What is the greatest common factor of 111 and 38609944?
37
Calculate the greatest common divisor of 32952274 and 24272.
3034
What is the greatest common factor of 42789 and 901086?
2517
Calculate the greatest common divisor of 59 and 4097137472.
59
What is the greatest common divisor of 2720 and 650280?
40
Calculate the highest common factor of 421425470 and 155.
155
What is the highest common divisor of 19216370 and 1270?
1270
Calculate the greatest common factor of 77 and 29271886.
7
What is the greatest common divisor of 72298621 and 123?
41
Calculate the highest common factor of 3056433 and 24.
3
Calculate the greatest common factor of 360 and 9551106.
18
What is the highest common divisor of 10 and 1605142570?
10
Calculate the greatest common divisor of 3350756 and 6817.
401
Calculate the highest common divisor of 13715 and 690392.
211
Calculate the greatest common divisor of 259 and 1680503.
37
Calculate the highest common factor of 1792431 and 1659.
237
What is the greatest common divisor of 93688998 and 78?
78
What is the highest common factor of 4588 and 14366764?
124
Calculate the greatest common factor of 2506 and 1794198.
14
Calculate the highest common factor of 861 and 2478357.
21
Calculate the highest common divisor of 246867 and 29181.
213
What is the greatest common divisor of 68 and 36992663?
17
Calculate the highest common divisor of 9036 and 15192.
36
Calculate the greatest common factor of 3703 and 683459.
7
What is the highest common factor of 15461266 and 424?
106
Calculate the highest common divisor of 217 and 50319829.
7
What is the greatest common factor of 4152 and 5407980?
2076
What is the greatest common factor of 2158604 and 2100?
28
What is the greatest common divisor of 320363424 and 2790?
558
Calculate the greatest common factor of 117139 and 7868685.
5093
What is the greatest common factor of 18669 and 475823026?
6223
Calculate the highest common factor of 63 and 2179233.
63
What is the greatest common divisor of 7904010 and 186?
6
What is the highest common factor of 231410208 and 24?
24
What is the highest common divisor of 1759 and 3147408603?
1759
What is the greatest common factor of 45697749 and 3?
3
What is the highest common divisor of 21837992 and 15048?
1672
Calculate the greatest common factor of 132352 and 128592.
752
Calculate the highest common factor of 98 and 36046003.
7
Calculate the highest common factor of 609 and 22031709.
21
What is the greatest common factor of 12722 and 2084824111?
6361
Calculate the greatest common factor of 12623 and 154531.
13
Calculate the highest common factor of 6966 and 96054948.
774
What is the highest common divisor of 932 and 3104?
4
What is the greatest common divisor of 322990 and 4630?
10
Calculate the highest common divisor of 3701139 and 702.
39
What is the greatest common factor of 43620 and 117420?
60
Calculate the greatest common factor of 17976124 and 71573.
3767
What is the highest common factor of 13286 and 11108994?
1898
What is the highest common factor of 12681436 and 76?
76
Calculate the highest common divisor of 205873330 and 38050.
7610
Calculate the greatest common factor of 1386 and 5962250.
14
What is the highest common divisor of 2980763 and 201?
67
Calculate the greatest common divisor of 2017719 and 16643.
979
Calculate the highest common factor of 219 and 41236021.
73
What is the greatest common divisor of 2184309 and 1827?
261
What is the greatest common divisor of 1809 and 31484640?
201
What is the highest common factor of 152 and 2426110?
38
What is the highest common divisor of 76 and 10083604?
76
Calculate the highest common divisor of 3 and 21670749.
3
What is the highest common factor of 3516547926 and 618?
618
What is the highest common divisor of 3641 and 4070969?
331
What is the greatest common factor of 738815 and 35543585?
7315
Calculate the highest common divisor of 286 and 2893022.
22
What is the highest common factor of 9259 and 32702?
197
Calculate the highest common factor of 3699 and 26311581.
27
Calculate the greatest common divisor of 10794320 and 800.
80
What is the highest common factor of 56 and 106265082?
14
Calculate the highest common divisor of 52748775 and 414.
207
Calculate the greatest common factor of 21209 and 2159.
127
Calculate the highest common factor of 7 and 14369.
1
Calculate the greatest common factor of 7 and 1144843.
7
Calculate the highest common factor of 27918824 and 2616.
872
Calculate the greatest common divisor of 237702 and 285969.
519
What is the greatest common divisor of 8600657 and 187?
17
Calculate the greatest common divisor of 76 and 2661311.
19
Calculate the highest common factor of 3371270 and 2380.
1190
Calculate the greatest common divisor of 1064892 and 564.
12
What is the highest common factor of 13005248 and 64?
64
Calculate the greatest common divisor of 2912295 and 210.
15
What is the highest common factor of 2863021 and 34?
17
What is the highest common factor of 51132816 and 2109?
111
What is the highest common divisor of 1022626995 and 65?
65
What is the highest common divisor of 28262752 and 896?
224
Calculate the greatest common divisor of 6266 and 1737762.
26
Calculate the highest common divisor of 53815410 and 44.
22
What is the greatest common factor of 4147823 and 215?
43
Calculate the greatest common divisor of 19 and 9440473.
19
What is the greatest common factor of 92 and 1007446?
46
What is the highest common factor of 13740441 and 858?
429
What is the greatest common factor of 21641 and 24748393?
1273
Calculate the highest common divisor of 5 and 2782473.
1
Calculate the highest common f